{"id":159,"date":"2023-02-02T16:58:36","date_gmt":"2023-02-02T16:58:36","guid":{"rendered":"https:\/\/www.ipc-africa.world\/?post_type=keynote-speakers&#038;p=159"},"modified":"2023-02-02T16:58:36","modified_gmt":"2023-02-02T16:58:36","slug":"rev-young-cho","status":"publish","type":"keynote-speakers","link":"https:\/\/www.ipc-africa.world\/fr\/keynote-speakers\/rev-young-cho\/","title":{"rendered":"TOUR. JEUNE CHO"},"content":{"rendered":"<p>Young Cho est un membre du personnel de Novo, servant de directeur de l&#039;Asie pour partager la compassion du Christ et pour acc\u00e9l\u00e9rer le mouvement de l&#039;\u00e9vangile en autonomisant les r\u00e9fugi\u00e9s internationaux et les transfuges, y compris les Nord-Cor\u00e9ens. Il sert \u00e9galement de coordinateur international pour Billion Soul Harvest afin d&#039;acc\u00e9l\u00e9rer la coop\u00e9ration mondiale pour la Grande Commission de J\u00e9sus dans le monde entier.<\/p>\n\n\n\n<p>Il est titulaire d&#039;un baccalaur\u00e9at en psychologie de l&#039;UCLA et d&#039;une ma\u00eetrise en th\u00e9ologie de la Talbot Graduate School of Theology (Biola) et de l&#039;International Reformed University. Young est \u00e9galement un pasteur ordonn\u00e9 servant en tant que ministre des vocations pendant plus de 28 ans; y compris la plantation et la mise en place de l&#039;\u00e9glise Bellevue Sarang.<\/p>\n\n\n\n<p>En tant que membre du conseil d&#039;administration de diverses organisations et ONG chr\u00e9tiennes partageant les m\u00eames id\u00e9es, il est passionn\u00e9 par le partenariat dans les travaux de sauvetage, de r\u00e9installation et d&#039;autonomisation de ceux qui se trouvent dans des r\u00e9gions opprim\u00e9es.<\/p>\n\n\n\n<p>Il travaille actuellement sur une initiative m\u00e9dicale parall\u00e8lement \u00e0 des aides humanitaires pour l&#039;Ukraine et \u00e9galement sur une initiative visant \u00e0 \u00e9tablir un centre de formation de disciples en Ukraine afin de d\u00e9velopper le leadership local pour le mouvement \u00e9vang\u00e9lique.<\/p>","protected":false},"featured_media":160,"template":"","class_list":["post-159","keynote-speakers","type-keynote-speakers","status-publish","has-post-thumbnail","hentry"],"acf":[],"_links":{"self":[{"href":"https:\/\/www.ipc-africa.world\/fr\/wp-json\/wp\/v2\/keynote-speakers\/159","targetHints":{"allow":["GET"]}}],"collection":[{"href":"https:\/\/www.ipc-africa.world\/fr\/wp-json\/wp\/v2\/keynote-speakers"}],"about":[{"href":"https:\/\/www.ipc-africa.world\/fr\/wp-json\/wp\/v2\/types\/keynote-speakers"}],"wp:featuredmedia":[{"embeddable":true,"href":"https:\/\/www.ipc-africa.world\/fr\/wp-json\/wp\/v2\/media\/160"}],"wp:attachment":[{"href":"https:\/\/www.ipc-africa.world\/fr\/wp-json\/wp\/v2\/media?parent=159"}],"curies":[{"name":"wp","href":"https:\/\/api.w.org\/{rel}","templated":true}]}}

<p>Young Cho est un membre du personnel de Novo, servant de directeur de l&#039;Asie pour partager la compassion du Christ et pour accélérer le mouvement de l&#039;évangile en autonomisant les réfugiés internationaux et les transfuges, y compris les Nord-Coréens. Il sert également de coordinateur international pour Billion Soul Harvest afin d&#039;accélérer la coopération mondiale pour la Grande Commission de Jésus dans le monde entier.</p>



<p>Il est titulaire d&#039;un baccalauréat en psychologie de l&#039;UCLA et d&#039;une maîtrise en théologie de la Talbot Graduate School of Theology (Biola) et de l&#039;International Reformed University. Young est également un pasteur ordonné servant en tant que ministre des vocations pendant plus de 28 ans; y compris la plantation et la mise en place de l&#039;église Bellevue Sarang.</p>



<p>En tant que membre du conseil d&#039;administration de diverses organisations et ONG chrétiennes partageant les mêmes idées, il est passionné par le partenariat dans les travaux de sauvetage, de réinstallation et d&#039;autonomisation de ceux qui se trouvent dans des régions opprimées.</p>



<p>Il travaille actuellement sur une initiative médicale parallèlement à des aides humanitaires pour l&#039;Ukraine et également sur une initiative visant à établir un centre de formation de disciples en Ukraine afin de développer le leadership local pour le mouvement évangélique.</p>
